{"id":255,"date":"2023-08-01T15:35:34","date_gmt":"2023-08-01T13:35:34","guid":{"rendered":"https:\/\/sabine-keuthen-fitness.de\/?page_id=255"},"modified":"2025-09-08T10:14:45","modified_gmt":"2025-09-08T08:14:45","slug":"agbs","status":"publish","type":"page","link":"https:\/\/sabine-keuthen-fitness.de\/?page_id=255","title":{"rendered":"AGB\u00b4s"},"content":{"rendered":"\n<p><strong><u>1. Leistungsumfang<\/u><\/strong><\/p>\n\n\n\n<p>Einzelpreis&nbsp;&nbsp;&nbsp;&nbsp;&nbsp;&nbsp;&nbsp;&nbsp;&nbsp;&nbsp;&nbsp;&nbsp;&nbsp;&nbsp;&nbsp;&nbsp;&nbsp;&nbsp;&nbsp;&nbsp;&nbsp;&nbsp;&nbsp;&nbsp;&nbsp;&nbsp;&nbsp;&nbsp;&nbsp; 14 \u20ac<\/p>\n\n\n\n<p>5-er Karte&nbsp;&nbsp;&nbsp;&nbsp;&nbsp;&nbsp; &nbsp;&nbsp;&nbsp;&nbsp;&nbsp;&nbsp;&nbsp;&nbsp;&nbsp;&nbsp;&nbsp;&nbsp;&nbsp;&nbsp;&nbsp;&nbsp;&nbsp;&nbsp;&nbsp;&nbsp;&nbsp;&nbsp;&nbsp; 65 \u20ac (7 Wochen g\u00fcltig)<\/p>\n\n\n\n<p>10- er Karte&nbsp;&nbsp;&nbsp; &nbsp;&nbsp;&nbsp;&nbsp;&nbsp;&nbsp;&nbsp;&nbsp;&nbsp;&nbsp;&nbsp;&nbsp;&nbsp;&nbsp;&nbsp;&nbsp;&nbsp;&nbsp;&nbsp;&nbsp;&nbsp;&nbsp; 120 \u20ac (12 Wochen g\u00fcltig)&nbsp;&nbsp;&nbsp;&nbsp;&nbsp;&nbsp;&nbsp;&nbsp;<\/p>\n\n\n\n<p>1 a) Eine Trainingseinheit muss sp\u00e4testens <strong>120 Minuten<\/strong> vor Beginn durch den Kunden (Selbst\u00e4ndiges Austragen aus der App) abgesagt werden.<\/p>\n\n\n\n<p>1 b) Bei Absage und nicht eigenst\u00e4ndigem Austragen aus der App nach <strong>120 Minuten<\/strong> vor Kursbeginn wird die Trainingseinheit in voller H\u00f6he berechnet.<\/p>\n\n\n\n<p>1c) Regelung f\u00fcr Samstagskurse: An-\/Abmeldung bis Freitag 18.00 Uhr durch den Kunden (Selbst\u00e4ndiges Austragen aus der App), ansonsten wird die Kursstunde in voller H\u00f6he berechnet. <\/p>\n\n\n\n<p>1 d) Bei Nichterscheinen streicht der Kunde das n\u00e4chste K\u00e4stchen auf seiner Karte (eintragen des Datums in das K\u00e4stchen) eigenst\u00e4ndig ab und schickt dem Trainer ein Bild per Whatsapp seiner abgestrichenen 5-er \/ 10-er Karte.<\/p>\n\n\n\n<p><strong><u>2. Laufzeit (G\u00fcltigkeit) von 5-er \/ 10-er Karten und 5-er Bl\u00f6cken<\/u><\/strong><\/p>\n\n\n\n<p>2 a) 10-er Karten:&nbsp;<\/p>\n\n\n\n<p>Sind ab Kaufdatum 12 Wochen g\u00fcltig. <a>Sollte keine Sondervereinbarung mit dem Trainer zwecks Verl\u00e4ngerung der Karte getroffen worden sein, verfallen die offenen K\u00e4stchen.<\/a><\/p>\n\n\n\n<p>2 b) 5-er Karte:<\/p>\n\n\n\n<p>Sind ab Kaufdatum 7 Wochen g\u00fcltig. Sollte keine Sondervereinbarung mit dem Trainer zwecks Verl\u00e4ngerung der Karte getroffen worden sein, verfallen die offenen K\u00e4stchen.<\/p>\n\n\n\n<p><strong><u>3. Stattfinden der Kurse<\/u><\/strong><\/p>\n\n\n\n<p>3 a) Alle Kurse finden outdoor und ab 2 Teilnehmern statt.<\/p>\n\n\n\n<p>Bei Absage (z. B. zu schlechte Wetterbedingungen, \u2026) durch den Trainer, erfolgt keine Berechnung an den Kunden.<\/p>\n\n\n\n<p><strong><u>4. Zahlungsvereinbarungen<\/u><\/strong><\/p>\n\n\n\n<p>4 a) Die Zahlung kann bar oder per Paypal erfolgen.<\/p>\n\n\n\n<p><strong><u>5. Haftungsausschlu\u00df<\/u><\/strong><\/p>\n\n\n\n<p>5 a) Der Kunde f\u00fchrt das Training freiwillig und auf eigener Verantwortung aus.<\/p>\n\n\n\n<p>5 b) Sie sind gesund und in der Lage, dieses Programm ohne Einschr\u00e4nkungen durchzuf\u00fchren.<\/p>\n\n\n\n<p>5 c) Bei pl\u00f6tzlicher Befindlichkeitsver\u00e4nderung wie \u00dcbelkeit, Schwindel oder Schmerzen jeglicher Art wird der Kunde sofort den Trainer unterrichten und gegebenenfalls das Training abbrechen.<\/p>\n\n\n\n<p>5 d) Der Teilnehmer hat daf\u00fcr Sorge zu tragen, dass er seine Notfallmedikamente bei sich tr\u00e4gt! Die Medikamente d\u00fcrfen jedoch nicht durch den Trainer verabreicht werden, sondern nur zur eigenen Einnahme an den Teilnehmer weitergereicht werden.<\/p>\n\n\n\n<p><strong><u>6. Datenschutz<\/u><\/strong><\/p>\n\n\n\n<p>Keine Weitergabe von jeglichen Kundendaten an Dritte.<\/p>\n\n\n\n<p><strong><u>7. Dauer der Zusammenarbeit \/ Aufl\u00f6sung \/ K\u00fcndigung<\/u><\/strong><\/p>\n\n\n\n<p>Der Vertrag wird \u00fcber die obengenannte gebuchte Option (Laufzeit) abgeschlossen.<\/p>\n\n\n\n<p>Gebuchte Optionen k\u00f6nnen erst nach Ablauf ge\u00e4ndert werden.<\/p>\n","protected":false},"excerpt":{"rendered":"<p>1. Leistungsumfang Einzelpreis&nbsp;&nbsp;&nbsp;&nbsp;&nbsp;&nbsp;&nbsp;&nbsp;&nbsp;&nbsp;&nbsp;&nbsp;&nbsp;&nbsp;&nbsp;&nbsp;&nbsp;&nbsp;&nbsp;&nbsp;&nbsp;&nbsp;&nbsp;&nbsp;&nbsp;&nbsp;&nbsp;&nbsp;&nbsp; 14 \u20ac 5-er Karte&nbsp;&nbsp;&nbsp;&nbsp;&nbsp;&nbsp; &nbsp;&nbsp;&nbsp;&nbsp;&nbsp;&nbsp;&nbsp;&nbsp;&nbsp;&nbsp;&nbsp;&nbsp;&nbsp;&nbsp;&nbsp;&nbsp;&nbsp;&nbsp;&nbsp;&nbsp;&nbsp;&nbsp;&nbsp; 65 \u20ac (7 Wochen g\u00fcltig) 10- er Karte&nbsp;&nbsp;&nbsp; &nbsp;&nbsp;&nbsp;&nbsp;&nbsp;&nbsp;&nbsp;&nbsp;&nbsp;&nbsp;&nbsp;&nbsp;&nbsp;&nbsp;&nbsp;&nbsp;&nbsp;&nbsp;&nbsp;&nbsp;&nbsp;&nbsp; 120 \u20ac (12 Wochen g\u00fcltig)&nbsp;&nbsp;&nbsp;&nbsp;&nbsp;&nbsp;&nbsp;&nbsp; 1 a) Eine Trainingseinheit muss sp\u00e4testens 120 Minuten vor Beginn durch den Kunden (Selbst\u00e4ndiges Austragen aus der App) [&hellip;]<\/p>\n","protected":false},"author":1,"featured_media":0,"parent":0,"menu_order":0,"comment_status":"closed","ping_status":"closed","template":"","meta":{"footnotes":""},"class_list":["post-255","page","type-page","status-publish","hentry"],"_links":{"self":[{"href":"https:\/\/sabine-keuthen-fitness.de\/index.php?rest_route=\/wp\/v2\/pages\/255","targetHints":{"allow":["GET"]}}],"collection":[{"href":"https:\/\/sabine-keuthen-fitness.de\/index.php?rest_route=\/wp\/v2\/pages"}],"about":[{"href":"https:\/\/sabine-keuthen-fitness.de\/index.php?rest_route=\/wp\/v2\/types\/page"}],"author":[{"embeddable":true,"href":"https:\/\/sabine-keuthen-fitness.de\/index.php?rest_route=\/wp\/v2\/users\/1"}],"replies":[{"embeddable":true,"href":"https:\/\/sabine-keuthen-fitness.de\/index.php?rest_route=%2Fwp%2Fv2%2Fcomments&post=255"}],"version-history":[{"count":5,"href":"https:\/\/sabine-keuthen-fitness.de\/index.php?rest_route=\/wp\/v2\/pages\/255\/revisions"}],"predecessor-version":[{"id":464,"href":"https:\/\/sabine-keuthen-fitness.de\/index.php?rest_route=\/wp\/v2\/pages\/255\/revisions\/464"}],"wp:attachment":[{"href":"https:\/\/sabine-keuthen-fitness.de\/index.php?rest_route=%2Fwp%2Fv2%2Fmedia&parent=255"}],"curies":[{"name":"wp","href":"https:\/\/api.w.org\/{rel}","templated":true}]}}